{"id":16,"date":"2025-04-22T14:53:07","date_gmt":"2025-04-22T14:53:07","guid":{"rendered":"https:\/\/epacs.co.mz\/?page_id=16"},"modified":"2025-04-22T16:44:17","modified_gmt":"2025-04-22T16:44:17","slug":"area-de-engenharia-de-processos","status":"publish","type":"page","link":"https:\/\/epacs.co.mz\/index.php\/area-de-engenharia-de-processos\/","title":{"rendered":"\u00c1rea De Engenharia De Processos"},"content":{"rendered":"\t\t<div data-elementor-type=\"wp-page\" data-elementor-id=\"16\" class=\"elementor elementor-16\">\n\t\t\t\t<div class=\"elementor-element elementor-element-62bcb58 e-flex e-con-boxed e-con e-parent\" data-id=\"62bcb58\" data-element_type=\"container\">\n\t\t\t\t\t<div class=\"e-con-inner\">\n\t\t\t\t<div class=\"elementor-element elementor-element-4fd57aa elementor-widget elementor-widget-heading\" data-id=\"4fd57aa\" data-element_type=\"widget\" data-widget_type=\"heading.default\">\n\t\t\t\t<div class=\"elementor-widget-container\">\n\t\t\t\t\t<h3 class=\"elementor-heading-title elementor-size-default\">PRESTA\u00c7\u00c3O DE SERVI\u00c7OS NA \u00c1REA DE ENGENHARIA DE PROCESSOS<\/h3>\t\t\t\t<\/div>\n\t\t\t\t<\/div>\n\t\t\t\t<div class=\"elementor-element elementor-element-b1e25c8 elementor-widget elementor-widget-text-editor\" data-id=\"b1e25c8\" data-element_type=\"widget\" data-widget_type=\"text-editor.default\">\n\t\t\t\t<div class=\"elementor-widget-container\">\n\t\t\t\t\t\t\t\t\t<p>A EPACS (Engenharia de Processos, Ambiente, Consultoria e Servi\u00e7os) realiza actividades de pesquisa, desenvolviemnto e inova\u00e7\u00e3o de processos industriais. Dos trabalhos actualmente em curso constam fundamentalmente o desenvolvimento de processos na \u00e1rea de \u00e1gua e saneamento a saber:<\/p><ul><li>Dessaliniza\u00e7\u00e3o da \u00e1gua \u2013 muitas regi\u00f5es de interior de mo\u00e7ambique apresentam aqu\u00edferos com um certo grau de salinidade, o que condiciona a utiliza\u00e7\u00e3o destas fontes de \u00e1gua para o abastecimento das popula\u00e7\u00f5es. Por outro lado, existem comunidades que vivem nas ilhas e que disp\u00f5e de quantidades limitadas de \u00e1gua doce. O recurso da \u00e1gua do mar poder\u00e1 ser uma alternativa para essas comunidades caso haja tecnologias a baixo custo de dessaliniza\u00e7\u00e3o da \u00e1gua.<\/li><li>Processos de electr\u00f3lise para a produ\u00e7\u00e3o de produtos qu\u00edmicos usados no tratamento de \u00e1gua \u2013 cloro gasoso, hipoclorito de s\u00f3dio, hidr\u00f3xido de s\u00f3dio. A popula\u00e7\u00e3o urbana de Mo\u00e7ambique tem estado em crescimento, e isto tem resultado em grandes press\u00f5es para a importa\u00e7\u00e3o de produtos quimicos para a potabiliza\u00e7\u00e3o da \u00e1gua. O desenvolvimento desta tecnologia ir\u00e1 contribuir para uma redu\u00e7\u00e3o das importa\u00e7\u00f5es, o que implicar\u00e1 a disponibilidade de mais recursos do sector de \u00e1guas para investimentos em infraestruturas de produ\u00e7\u00e3o e distribui\u00e7\u00e3o da \u00e1gua.<\/li><li>Processos de destila\u00e7\u00e3o fraccionada, com destaque para a produ\u00e7\u00e3o de \u00e1lcool farmac\u00e9utico<\/li><li>Processos de biodigest\u00e3o anaer\u00f3bica para o tratamento de \u00e1guas residuais dom\u00e9sticas e res\u00edduos s\u00f3lidos org\u00e1nicos, na perspectiva de transforma\u00e7\u00e3o de res\u00edduos para energia (biog\u00e1s).<\/li><li>Ensaios hidrometal\u00fargicos, caracteriza\u00e7\u00e3o mineral\u00f3gica e processos de separa\u00e7\u00e3o<\/li><\/ul>\t\t\t\t\t\t\t\t<\/div>\n\t\t\t\t<\/div>\n\t\t\t\t\t<\/div>\n\t\t\t\t<\/div>\n\t\t\t\t<\/div>\n\t\t","protected":false},"excerpt":{"rendered":"<p>PRESTA\u00c7\u00c3O DE SERVI\u00c7OS NA \u00c1REA DE ENGENHARIA DE PROCESSOS A EPACS (Engenharia de Processos, Ambiente, Consultoria e Servi\u00e7os) realiza actividades [&hellip;]<\/p>\n","protected":false},"author":1,"featured_media":0,"parent":0,"menu_order":0,"comment_status":"closed","ping_status":"closed","template":"","meta":{"site-sidebar-layout":"no-sidebar","site-content-layout":"plain-container","ast-site-content-layout":"full-width-container","site-content-style":"default","site-sidebar-style":"default","ast-global-header-display":"","ast-banner-title-visibility":"","ast-main-header-display":"","ast-hfb-above-header-display":"","ast-hfb-below-header-display":"","ast-hfb-mobile-header-display":"","site-post-title":"disabled","ast-breadcrumbs-content":"","ast-featured-img":"disabled","footer-sml-layout":"","theme-transparent-header-meta":"enabled","adv-header-id-meta":"","stick-header-meta":"","header-above-stick-meta":"","header-main-stick-meta":"","header-below-stick-meta":"","astra-migrate-meta-layouts":"default","ast-page-background-enabled":"default","ast-page-background-meta":{"desktop":{"background-color":"var(--ast-global-color-5)","background-image":"","background-repeat":"repeat","background-position":"center center","background-size":"auto","background-attachment":"scroll","background-type":"","background-media":"","overlay-type":"","overlay-color":"","overlay-opacity":"","overlay-gradient":""},"tablet":{"background-color":"","background-image":"","background-repeat":"repeat","background-position":"center center","background-size":"auto","background-attachment":"scroll","background-type":"","background-media":"","overlay-type":"","overlay-color":"","overlay-opacity":"","overlay-gradient":""},"mobile":{"background-color":"","background-image":"","background-repeat":"repeat","background-position":"center center","background-size":"auto","background-attachment":"scroll","background-type":"","background-media":"","overlay-type":"","overlay-color":"","overlay-opacity":"","overlay-gradient":""}},"ast-content-background-meta":{"desktop":{"background-color":"var(--ast-global-color-4)","background-image":"","background-repeat":"repeat","background-position":"center center","background-size":"auto","background-attachment":"scroll","background-type":"","background-media":"","overlay-type":"","overlay-color":"","overlay-opacity":"","overlay-gradient":""},"tablet":{"background-color":"var(--ast-global-color-4)","background-image":"","background-repeat":"repeat","background-position":"center center","background-size":"auto","background-attachment":"scroll","background-type":"","background-media":"","overlay-type":"","overlay-color":"","overlay-opacity":"","overlay-gradient":""},"mobile":{"background-color":"var(--ast-global-color-4)","background-image":"","background-repeat":"repeat","background-position":"center center","background-size":"auto","background-attachment":"scroll","background-type":"","background-media":"","overlay-type":"","overlay-color":"","overlay-opacity":"","overlay-gradient":""}},"footnotes":""},"class_list":["post-16","page","type-page","status-publish","hentry"],"_links":{"self":[{"href":"https:\/\/epacs.co.mz\/index.php\/wp-json\/wp\/v2\/pages\/16","targetHints":{"allow":["GET"]}}],"collection":[{"href":"https:\/\/epacs.co.mz\/index.php\/wp-json\/wp\/v2\/pages"}],"about":[{"href":"https:\/\/epacs.co.mz\/index.php\/wp-json\/wp\/v2\/types\/page"}],"author":[{"embeddable":true,"href":"https:\/\/epacs.co.mz\/index.php\/wp-json\/wp\/v2\/users\/1"}],"replies":[{"embeddable":true,"href":"https:\/\/epacs.co.mz\/index.php\/wp-json\/wp\/v2\/comments?post=16"}],"version-history":[{"count":4,"href":"https:\/\/epacs.co.mz\/index.php\/wp-json\/wp\/v2\/pages\/16\/revisions"}],"predecessor-version":[{"id":86,"href":"https:\/\/epacs.co.mz\/index.php\/wp-json\/wp\/v2\/pages\/16\/revisions\/86"}],"wp:attachment":[{"href":"https:\/\/epacs.co.mz\/index.php\/wp-json\/wp\/v2\/media?parent=16"}],"curies":[{"name":"wp","href":"https:\/\/api.w.org\/{rel}","templated":true}]}}